*y**3 + 33*y**2 - 9*y - 145. Let n(t) = -4*t**3 + 48*t**2 - 14*t - 217. Let l(g) = 7*c(g) - 5*n(g). What is l(-9)?
7
Let k(q) = 13*q - 7*q - 4*q + 10. Let j(p) = -p. Let a(l) = -5*l + 9. Let r(h) = a(h) - 6*j(h). Let w(f) = -3*k(f) + 4*r(f). Determine w(5).
-4
Suppose 0 = 11*a - 14*a. Let s be 0 + -2 + a + (-10)/5. Let d be (15 + 0)*s/(-10). Let h(y) = y**3 - 5*y**2 - 4*y - 4. Determine h(d).
8
Let p = 94 - 87. Let x(n) = 5*n + 4. Let m(t) = 4*t + 3. Let o(b) = -4*m(b) + 3*x(b). Calculate o(p).
-7
Let b(m) = 3*m**2 + 2*m - 2. Suppose h + 2*h + 1691 = -g, 3*g - 1131 = 2*h. Let v = h - -562. Determine b(v).
6
Let m(o) = o**3 - 5*o**2 + 5*o - 1. Let y be m(4). Suppose -2*b + y*x = -77, 2*b - 102 = 2*x - 4*x. Let d = b - 44. Let v(z) = -4*z + 2. Give v(d).
-6
Let k(b) = 2*b + 5. Let j = 38 - 26. Let u(x) = -x**2 + 14*x - 20. Let q be u(j). Let v(y) = 5*y + 14. Let c(s) = q*v(s) - 11*k(s). Determine c(5).
-9
Let u(r) = 75 - 2*r + r**2 - 7*r - 7*r - 14*r + 12*r. Calculate u(6).
3
Let b(v) = -v**2 - 8*v - 135. Let h(p) = 2*p + 1. Let y(j) = -b(j) + 2*h(j). Let a(l) be the first derivative of y(l). Calculate a(-13).
-14
Let j(x) = -x**2 + 4*x + 6. Suppose 4*g = 6*n - n + 15, 4*g + n + 3 = 0. Suppose g = 9*f - 3*f - 168. Let h be 7/f + 54/8. What is j(h)?
-15
Let h(y) = -21 + 53*y**2 + 3*y + 123*y**3 - 75*y**3 - 64*y**3 + y. Let l(d) = -3*d**3 + 10*d**2 + d - 4. Let n(g) = -2*h(g) + 11*l(g). Calculate n(5).
-12
Let w(t) = -15*t**2 - 12*t - 4. Let a be w(-1). Let n(l) = -l**3 - 5*l**2 + 7*l + 6. Calculate n(a).
55
Let l(g) = 2*g**2 - 37*g + 52. Let r be l(17). Let f(o) = -2*o**3 + 2*o - 1. Let j(n) = -n**3 - n + 1. Let i(t) = r*f(t) + 2*j(t). Calculate i(-1).
5
Let r be (-63)/(-27) + 25/15. Suppose -y + r*j = -23, -3 - 37 = -5*y + 5*j. Let q(z) = -12*z + 3. Give q(y).
-33
Let s(k) = k**3 - 4*k**2 - 2*k - 22. Let f = 1630 + -1625. Determine s(f).
-7
Let u(j) be the second derivative of -6 - 9/20*j**5 + 1/6*j**3 + 0*j**2 + 1/12*j**4 + 2*j. Give u(-1).
9
Suppose -4*k - 2*p + 11 = -9, -3*k - 4*p + 10 = 0. Let o(x) = 13 + x - 4*x - 2*x + 3*x. Let i(m) = -m + 6. Let h(d) = 13*i(d) - 6*o(d). Give h(k).
-6
Let y(w) = -5*w**2 + 512*w**3 + 16*w - w**2 - 511*w**3 + 13 - 8*w**2 - 4*w. Suppose 0 = k - 2*r - 21, 2*r - 22 = -2*k - 4. What is y(k)?
0
Let z(u) = -22*u - 2*u**2 + 9 + 0 + 6*u + 8*u + 5*u**2. Let o(p) = -2*p**2 + 8*p - 9. Let s(x) = -4*o(x) - 3*z(x). Let l = -28 - -20. Calculate s(l).
9
Let l(a) = -12*a**2 + a**2 - 32*a + 1 + 78*a - 44*a - 3*a**2 + a**2. Let m be (-1)/3 + 4/(-6). Calculate l(m).
-14
Let k(x) = 7 + 8 - 5*x - x**2 + 3. Let c be k(-7). Suppose -2*v - 3*r = 1, 0 = c*v - 4*r + 12 - 40. Let u(z) = 4*z - 3. Give u(v).
13
Let f(p) be the first derivative of 9*p**4/4 - p**3/3 - p**2/2 + p + 2. Suppose -5*r - 340 = -115. Let a = -44 - r. Calculate f(a).
8
Let v(z) = -5*z - 2*z**2 + 6 + z**2 - 4*z. Let r(l) be the second derivative of -l**4/12 + l**3/3 + 15*l**2/2 + 36*l. Let w be r(-4). Calculate v(w).
6
Let t(g) = 98*g - 193. Let b be ((-51)/102)/(3/(-4)*4/12). What is t(b)?
3
Let p(h) = 529 - 561 + h + 0*h + 0*h + h**3. Let w be 6/48*0 + (-1 - -1). What is p(w)?
-32
Let m be 10/3*((-28)/(-10) - 1). Let y(r) be the first derivative of 2 - m*r + 4*r**2 - 5*r**2 - r**2. Give y(-4).
10
Let j be 2/(-3)*(-240)/32. Let f(z) = -z - 5. Determine f(j).
-10
Let u = 5 + -2. Let a(d) be the first derivative of -d**4/4 + d**3 + 2*d**2 + d + 1813. What is a(u)?
13
Let r(s) = -9*s - 15*s - 7*s + 35*s - 16 - 6*s. Determine r(-14).
12
Let c = -4507 - -4498. Let w(j) = -j**2 - 11*j - 18. What is w(c)?
0
Let h be (0*1/(-10))/((-3)/(-1)). Suppose -q + 17 = -5*m, -19 = -h*q - 2*q + 5*m. Let k(d) = -3*d - 2. Determine k(q).
-8
Let w(n) = -n**2 - n - 4. Suppose 79*q + 0*q = -51*q - 650. Give w(q).
-24
Let i be ((-3)/15)/(65/(-325)) + -6. Let a(t) be the first derivative of t**4/4 + 5*t**3/3 - t**2/2 - 6*t + 1. What is a(i)?
-1
Let x(u) = 6*u**2 - 3*u + 13. Let h(c) = -c**2 + c - 2. Let i(q) = 5*h(q) + x(q). Let o be i(-3). Let w(y) = -y**3 + 6*y**2 - y + 8. Determine w(o).
2
Let y be ((-2)/(-4))/(6/24). Let u be (-4*2/32)/((-2)/56). Let t(o) = 3*o + 13*o**2 - u*o**2 - 8*o**2. Give t(y).
-2
Let n(f) = 6*f - 2*f**2 - f**3 - 44 + 3*f**2 - 8*f - 6*f**2 + 10*f. What is n(-7)?
-2
Let j(u) = u**3 - 5*u**2 - 15*u - 4. Let o(m) = m**3 + 3*m**2 + 24*m - 11*m - 3*m**3 + 2 + m**3. Let c(p) = 4*j(p) + 5*o(p). Give c(-5).
-31
Let r(k) be the second derivative of -k**5/20 + 7*k**4/6 + 13*k**3/6 + 21*k**2/2 + 9250*k. Calculate r(15).
-9
Suppose 4 = 2*s - 2. Let v(w) = w**3 + 4*w**2 - 10*w - 29. Let t(b) = b**3 + 3*b**2 - 9*b - 25. Let g(z) = -7*t(z) + 6*v(z). Calculate g(s).
10
Let s(u) be the first derivative of -u**4/4 - 4*u**3 - 9*u**2/2 - 9*u + 1246. Determine s(-11).
-31
Let p(w) = 8*w**2 - 3*w + 2. Let j(u) = -9*u**2 - 2. Let g(a) = -3*j(a) - 4*p(a). Determine g(2).
2
Let q(o) = -13 + 5*o + 38 - 6845504*o**2 + 6845509*o**2 + o**3. Determine q(-6).
-41
Let c(k) = 1. Let i(q) = q**2 + 5*q - 10. Let b(d) = 3*c(d) + i(d). Let f = -9 - -3. Determine b(f).
-1
Let q(g) = -g**3 + 17*g**2 + g - 19. Let a be q(17). Let o(t) = t**2 - 1. Let h(u) = -5*u**2 - 1. Let y(k) = a*o(k) + h(k). What is y(-1)?
-6
Let y(l) = 3*l**2 - l + 1. Let a be (23 - 3)*((-108)/8)/(-9). Let c = 32 - a. Give y(c).
11
Let o(l) be the third derivative of -l**4/12 - 4*l**3/3 - 2677*l**2. Give o(-1).
-6
Let j(q) = -3*q**3 - 28*q**2 + 18*q - 18. Let t be j(-10). Let l(k) = 41*k - 30. Calculate l(t).
52
Suppose -1206 = -56*j - 86. Let v(x) = x**2 - 22*x + 60. Calculate v(j).
20
Let u(y) = -y**2 - y + 1. Let t be 608/20 + -1 + (-6)/(-10). Suppose -5*n - 35 + t = 0. Let b be u(n). Let j(g) = 7*g**2 - g. Calculate j(b).
6
Let k(x) = 12*x - 37. Let h(d) = -5*d + 10. Let p(t) = -5*h(t) - 3*k(t). What is p(7)?
-16
Suppose -4*a + 29 = 5*m, -a + m = -33 + 37. Let b(u) = 9*u**2 - 7*u - 1. Give b(a).
1
Suppose -1249 = 10*r - 1279. Let g(c) = -c**3 + 2*c**2 + c + 10. Calculate g(r).
4
Let q = 131 + -119. Suppose -q*f + 30 + 42 = 0. Let h(s) = -s**3 + 5*s**2 + 5*s + 7. Calculate h(f).
1
Let p(g) = 8*g - 389. Let s be p(49). Let l(f) = -10*f**3 + f**3 - f**2 + 10*f**3 - 5 - 2*f. Calculate l(s).
7
Let h(o) = -o + 69531*o**3 - 139611*o**3 + 10 + 70079*o**3 + 6*o**2. Suppose -5*l = -4*k - 10, -l + 2*k - 9 = -k. Give h(l).
4
Let p(n) = 2*n**2 - 7*n - 8. Let h(y) = -7*y**2 + 26*y + 15. Let s(d) = -h(d) - 3*p(d). What is s(5)?
9
Let a(b) = -2*b**2 + b**2 - 273*b - 1 + 283*b. Let i(n) = -n**2 + 8*n - 1. Let k(o) = 5*a(o) - 6*i(o). Give k(-4).
9
Let t(l) = -7*l**3 + 3*l**2 - l - 2. Let o = -7497 + 7499. Give t(o).
-48
Let a = 5395 + -5394. Let g(u) = u**2 - 40*u + 39. Give g(a).
0
Let m(c) = -c**3 + 15*c**2 - 13*c - 12. Let n = -456 + 281. Let h = n - -189. Give m(h).
2
Let g(z) = 8*z**2 - 2*z - 9. Let s(t) = -t**2 + t + 1. Let u(n) = -g(n) - 5*s(n). Let x = -195245 + 195242. Calculate u(x).
-14
Suppose 7*z - 124 + 96 = 0. Let n(c) = -5*c - 38 - c + 59. Let i be n(z). Let f(w) = w**3 + 2*w**2 - 3*w - 1. Calculate f(i).
-1
Let c(r) = r + 16. Let v be c(-14). Suppose -v*j + 7 = -j + 4*p, 0 = -j - 5*p + 7. Let u(g) = -g**3 + 8*g**2 - 9*g - 7. Determine u(j).
-21
Let l(b) be the first derivative of -b**2/2 + 42*b - 3450. Determine l(4).
38
Suppose -4*u = 20, -1136*d + 1134*d = -5*u - 51. Let w(s) be the second derivative of s**4/12 - 2*s**3 - 4*s**2 + 39*s. Determine w(d).
5
Let z(m) be the third derivative of 121*m**2 + 0*m + m**3 - 1/6*m**4 + 0 - 1/60*m**5. Give z(-4).
6
Let v(t) be the second derivative of t**4/4 + t**3/3 + t**2/2 - t. Let l be (-17 - -26) + (2 - -1094). Let r = 1107 - l. What is v(r)?
17
Let r(f) = f + 4. Let k(h) = -2*h + 18 - 8 - 41 - 18. Let o be k(-23). Calculate r(o).
1
Let y(j) be the second derivative of -11*j**3/6 + 31*j**2/2 - 19*j - 31. Determine y(3).
-2
Let b(g) = -g**3 + 92*g**2 - g + 91. Let r be b(92). Let z(q) = -118*q + 2. Give z(r).
120
Let z(t) = 6*t. Let l(q) = -7*q. Let d(p) = -l(p) - z(p). Let u be 11/2 + (-2)/4. Suppose -4*v - 5*a + 33 = 0, -u*v + 18 = a + 3. Give d(v).
2
Let w(g) = -g**3 + 25*g**2 + 31*g - 78. Let r(k) = -k + 6. Let v(c) = -2*r(c) - w(c). Calculate v(26).
-12
Let q(y) = -4*y**2 - 2*y + 2. Let j(c) = c**3 + 2*c**2 - c + 4. Let h(d) = d**2 + 6*d - 58. Let p be h(5). Let v be j(p). 